0010 (base 2) to base 10
535394
What is 113327 (base 11) in base 4?
223331231
Convert -535431 (base 9) to base 16.
-4ddcd
Convert 216078 (base 9) to base 3.
20120002122
Convert 39158 (base 13) to base 12.
51202
5397747 (base 10) to base 14
a07175
What is -1740603 (base 13) in base 10?
-7541121
211011132 (base 4) to base 15
3001c
78aa1 (base 14) to base 13
a346a
What is -1031000322 (base 5) in base 10?
-2203212
What is 4c3454 (base 14) in base 13?
70a216
-3d0c81 (base 16) to base 9
-7467171
What is -1223114 (base 5) in base 11?
-16755
What is -1323543 (base 6) in base 3?
-10201201200
-8e13 (base 15) to base 6
-351400
-42a207 (base 12) to base 6
-34333211
-3a288b (base 15) to base 7
-32512010
-1657589 (base 10) to base 2
-110010100101011110101
-89464 (base 13) to base 7
-2055001
Convert -376746 (base 12) to base 16.
-dc7a6
What is -20020000330 (base 4) in base 11?
-1225316
Convert 64015424 (base 8) to base 9.
27586350
Convert 143d9 (base 15) to base 16.
fdec
223330012 (base 4) to base 2
101011111100000110
Convert 4222323 (base 5) to base 16.
112c2
101001110001000001010 (base 2) to base 9
2515311
Convert -1110011110000100110 (base 2) to base 6.
-14055050
What is -2d187 (base 15) in base 3?
-21101120001
4467405 (base 8) to base 6
41520525
-205ca5 (base 13) to base 6
-24110434
-52336 (base 15) to base 12
-106989
-375aee (base 16) to base 4
-31311223232
What is 504a5 (base 11) in base 5?
4330204
Convert 2515221 (base 6) to base 9.
224634
32abd3 (base 15) to base 11
1400030
What is -1238 (base 11) in base 13?
-972
What is 14997 (base 12) in base 7?
150502
Convert 17491 (base 14) to base 10.
58535
What is 112020202211 (base 3) in base 14?
74318
Convert dc415 (base 14) to base 2.
10000010001010010011
22230202121 (base 4) to base 12
b32735
What is 157537 (base 15) in base 9?
1850817
516b39 (base 14) to base 9
5145071
Convert 11130000010 (base 4) to base 7.
15054502
Convert -a7203 (base 11) to base 15.
-31332
What is -68a5 (base 12) in base 16?
-2d7d
22c3a (base 13) to base 3
10020020022
Convert -407322 (base 9) to base 16.
-3af9a
What is -3d9a (base 15) in base 6?
-141031
Convert 10000100101110 (base 2) to base 9.
12577
What is -40234663 (base 7) in base 5?
-1323233300
Convert -220110022121 (base 3) to base 4.
-1311201130
Convert 101012021120 (base 3) to base 6.
4145023
1b7c04 (base 13) to base 16
ab99b
Convert -20556561 (base 7) to base 5.
-421323342
Convert -79171 (base 10) to base 5.
-10013141
Convert 2230302323 (base 4) to base 10.
707771
-52a65 (base 12) to base 16
-1a86d
Convert 67cda (base 14) to base 5.
31032443
Convert -460037 (base 8) to base 3.
-21220112220
9676 (base 16) to base 2
1001011001110110
What is 200320514 (base 7) in base 4?
230030120321
1232124311 (base 5) to base 14
58315a
4911069 (base 10) to base 12
178a079
1000101011110011 (base 2) to base 8
105363
Convert 1001123232300 (base 4) to base 11.
9756296
-11101100001000111101 (base 2) to base 8
-3541075
Convert 211321301 (base 4) to base 6.
3154425
1204144 (base 5) to base 11
15936
Convert -4303121 (base 6) to base 12.
-a1aa1
Convert -1d5eb (base 15) to base 3.
-11212110212
-2bd9 (base 16) to base 11
-8485
Convert 64741 (base 10) to base 14.
19845
What is 693637 (base 12) in base 4?
12123203023
13212001323 (base 4) to base 15
294cd9
What is 3389a3 (base 15) in base 2?
1001011000011000101010
393550 (base 16) to base 11
2130914
Convert 24384346 (base 9) to base 13.
2616852
What is -10001000100111001111 (base 2) in base 4?
-2020213033
-658ab4 (base 13) to base 15
-32321b
Convert -1000100100010010110110 (base 2) to base 8.
-10442266
-234428 (base 9) to base 8
-423367
-67622 (base 14) to base 11
-161570
Convert 1c832c (base 13) to base 15.
e6deb
-10001111000101001 (base 2) to base 10
-73257
Convert -1930093 (base 10) to base 16.
-1d736d
-18bd3d (base 16) to base 12
-662311
Convert -25505230 (base 6) to base 8.
-3133262
Convert -22423033 (base 6) to base 9.
-1257123
233112100100 (base 4) to base 8
57262020
What is -132013323 (base 4) in base 12?
-5b4a3
1b7b8 (base 12) to base 16
9fbc
15f30 (base 16) to base 9
146283
Convert 661250 (base 7) to base 9.
185662
What is 97810 (base 14) in base 7?
3054420
Convert 1026272 (base 8) to base 9.
456263
Convert 2331462 (base 8) to base 9.
1168011
Convert -7113040 (base 9) to base 6.
-213104400
What is -173ed6 (base 15) in base 9?
-2107233
What is 10211121120201 (base 3) in base 16?
1f1e8d
-5350111 (base 8) to base 6
-50350225
Convert -2a9b47 (base 12) to base 8.
-2602447
What is -121680 (base 11) in base 4?
-232333132
Convert -101110111010000110101 (base 2) to base 16.
-177435
Convert 101012443 (base 6) to base 3.
10020210121100
What is -20326501 (base 7) in base 6?
-100311421
What is -26410554 (base 7) in base 16?
-24f86d
1101111001010110000 (base 2) to base 13
12c346
What is -64470 (base 11) in base 13?
-33881
-1134641 (base 7) to base 5
-14041404
Convert -cb5943 (base 13) to base 16.
-48f8a8
Convert -100414564 (base 7) to base 16.
-590d3d
-803b18 (base 12) to base 6
-110451232
2ab077 (base 13) to base 4
10000330231
What is a45b (base 14) in base 12?
14469
What is -665240 (base 8) in base 4?
-312222200
-1caacd (base 14) to base 10
-1028397
111442314 (base 6) to base 15
2a5531
Convert -14036530 (base 7) to base 3.
-2110020021221
Convert -101000120010 (base 3) to base 13.
-6ba12
What is -2122a0a (base 11) in base 4?
-32100123321
Convert 110110101011010010111110 (base 2) to base 11.
80aa758
50535001 (base 6) to base 3
2201100011001
What is -598542 (base 13) in base 7?
-24056466
What is 1751732 (base 8) in base 11?
320461
Convert 2022233 (base 5) to base 14.
bd62
-10010110010001001 (base 2) to base 15
-17be2
-10140304303 (base 5) to base 9
-21641063
What is 13984 (base 12) in base 10?
27316
What is 43216504 (base 7) in base 11?
2097a21
What is -1042311112 (base 5) in base 9?
-4305578
-722026 (base 10) to base 13
-1c3846
What is 16ce8a (base 16) in base 14?
2ac9bc
What is -27f29 (base 16) in base 11?
-101a30
-1111010011100000100111 (base 2) to base 8
-17234047
Convert 220200012221210 (base 3) to base 5.
11324110334
What is -1543d (base 16) in base 11?
-5a493
Convert -1120322300 (base 4) to base 16.
-58eb0
b4edc (base 15) to base 12
238030
What is 609344 (base 10) in base 4?
2110301000
Convert -573535 (base 9) to base 4.
-1103323310
132a3b (base 12) to base 15
63958
-3b3ef (base 16) to base 14
-64619
-2a41 (base 13) to base 8
-13771
Convert -15a7c (base 16) to base 13.
-314b1
-404b4 (base 13) to base 6
-2244415
-61330 (base 15) to base 9
-518250
422110 (base 8) to base 10
140360
631136 (base 9) to base 7
3120525
-1204539 (base 10) to base 9
-2235276
What is 220001110221222 (base 3) in base 15?
11c7b7b
Convert -78273 (base 11) to base 9.
-182563
What is -314122130 (base 5) in base 11?
-81a673
Convert -200022202 (base 4) to base 2.
-100000001010100010
What is 112566 (base 7) in base 5?
1121222
-1312421 (base 7) to base 16
-29d68
What is -2021433 (base 7) in base 15?
-4b493
43666540 (base 8) to base 11
5340105
-34fdd (base 16) to base 4
-310333131
22c47 (base 16) to base 7
1132116
10101121212 (base 3) to base 10
66794
What is 13c5d6 (base 15) in base 13?
274a67
What is -44111003 (base 6) in base 2?
-101000001001101001011
What is -230211203222 (base 4) in base 9?
-23884135
What is -1234234 (base 6) in base 10?
-67054
Convert 155517 (base 8) to base 11.
391aa
Convert 5b1c (base 16) to base 8.
55434
What is -97456 (base 14) in base 5?
-43201222
Convert -123312300 (base 5) to base 15.
-bdeba
What is 1a888 (base 14) in base 15?
1502e
-120a328 (base 11) to base 12
-85765a
What is 1232143033 (base 5) in base 14?
5836b8
What is 1403310133 (base 5) in base 14?
68dd39
What is -179144 (base 13) in base 5?
-122404333
Convert -33244142 (base 5) to base 6.
-10121043
-211201021011 (base 3) to base 2
-1101101001001011110
Convert -1505700 (base 8) to base 9.
-723417
-3411421 (base 5) to base 11
-41290
Convert -604771 (base 9) to base 8.
-1272721
What is 1154325252 (base 6) in base 4?
303000111200
What is -3535105 (base 6) in base 15?
-39722
What is -10101011100111010101001 (base 2) in base 13?
-121b7c3
What is -241213234 (base 5) in base 11?
-6a2a97
a3086 (base 11) to base 12
73115
Convert -50402125 (base 6) to base 2.
-101011101011011100101
121002211020 (base 3) to ba